{"id":18,"date":"2026-01-06T18:55:35","date_gmt":"2026-01-06T18:55:35","guid":{"rendered":"https:\/\/paysecurecards.com\/?page_id=18"},"modified":"2026-01-07T13:30:48","modified_gmt":"2026-01-07T13:30:48","slug":"qui-sommes-nous","status":"publish","type":"page","link":"https:\/\/paysecurecards.com\/index.php\/qui-sommes-nous\/","title":{"rendered":"Kim jeste\u015bmy?"},"content":{"rendered":"\n<p class=\"has-text-align-left\">Kim jeste\u015bmy?<\/p>\n\n\n\n<p class=\"has-text-align-left\">Jeste\u015bmy platform\u0105 specjalizuj\u0105c\u0105 si\u0119 w bezpiecznej weryfikacji bilet\u00f3w, stworzon\u0105, aby oferowa\u0107 u\u017cytkownikom prosty, szybki i niezawodny spos\u00f3b potwierdzania autentyczno\u015bci ich bilet\u00f3w.<\/p>\n\n\n\n<p class=\"has-text-align-left\">Nasz\u0105 misj\u0105 jest walka z oszustwami, duplikatami i nieautoryzowanym u\u017cyciem poprzez udost\u0119pnienie zautomatyzowanego systemu weryfikacji dost\u0119pnego dla wszystkich. Dzi\u0119ki naszej technologii ka\u017cdy przes\u0142any bilet jest precyzyjnie analizowany, aby dostarczy\u0107 natychmiastowy wynik.<\/p>\n\n\n\n<p class=\"has-text-align-left\">Przyk\u0142adamy szczeg\u00f3ln\u0105 wag\u0119 do prywatno\u015bci i bezpiecze\u0144stwa danych. Wszystkie wprowadzone informacje s\u0105 przetwarzane wy\u0142\u0105cznie przez nasze serwery, bez udzia\u0142u cz\u0142owieka, co gwarantuje ochron\u0119 i poszanowanie prywatno\u015bci naszych u\u017cytkownik\u00f3w.<\/p>\n\n\n\n<p class=\"has-text-align-left\">Nasza platforma zosta\u0142a zaprojektowana tak, aby by\u0142a \u0142atwa w u\u017cyciu, dost\u0119pna zar\u00f3wno dla os\u00f3b prywatnych, jak i dla firm, organizator\u00f3w wydarze\u0144 czy partner\u00f3w chc\u0105cych zabezpieczy\u0107 swoje bilety. Jest dost\u0119pna i mo\u017cliwa do u\u017cywania we wszystkich krajach, aby odpowiada\u0107 na potrzeby mi\u0119dzynarodowej publiczno\u015bci.<\/p>\n\n\n\n<p class=\"has-text-align-left\">Zaufanie naszych u\u017cytkownik\u00f3w jest w centrum naszego zaanga\u017cowania. Mamy zaszczyt obs\u0142ugiwa\u0107 u\u017cytkownik\u00f3w z r\u00f3\u017cnych kraj\u00f3w, zjednoczonych przez podobn\u0105 potrzeb\u0119 niezawodno\u015bci i przejrzysto\u015bci.<\/p>\n\n\n\n<p class=\"has-text-align-left\">Szybko\u015b\u0107, bezpiecze\u0144stwo i niezawodno\u015b\u0107 stanowi\u0105 podstawowe warto\u015bci, kt\u00f3re kieruj\u0105 nasz\u0105 codzienn\u0105 prac\u0105.<\/p>\n\n\n\n<p class=\"has-text-align-left\"><\/p>\n","protected":false},"excerpt":{"rendered":"<p>Kim jeste\u015bmy? Jeste\u015bmy platform\u0105 specjalizuj\u0105c\u0105 si\u0119 w bezpiecznej weryfikacji bilet\u00f3w, stworzon\u0105, aby oferowa\u0107 u\u017cytkownikom prosty, szybki i niezawodny spos\u00f3b potwierdzania [&hellip;]<\/p>\n","protected":false},"author":1,"featured_media":0,"parent":0,"menu_order":0,"comment_status":"closed","ping_status":"closed","template":"","meta":{"site-sidebar-layout":"default","site-content-layout":"","ast-site-content-layout":"default","site-content-style":"default","site-sidebar-style":"default","ast-global-header-display":"","ast-banner-title-visibility":"","ast-main-header-display":"","ast-hfb-above-header-display":"","ast-hfb-below-header-display":"","ast-hfb-mobile-header-display":"","site-post-title":"","ast-breadcrumbs-content":"","ast-featured-img":"","footer-sml-layout":"","ast-disable-related-posts":"","theme-transparent-header-meta":"","adv-header-id-meta":"","stick-header-meta":"","header-above-stick-meta":"","header-main-stick-meta":"","header-below-stick-meta":"","astra-migrate-meta-layouts":"default","ast-page-background-enabled":"default","ast-page-background-meta":{"desktop":{"background-color":"var(--ast-global-color-5)","background-image":"","background-repeat":"repeat","background-position":"center center","background-size":"auto","background-attachment":"scroll","background-type":"","background-media":"","overlay-type":"","overlay-color":"","overlay-opacity":"","overlay-gradient":""},"tablet":{"background-color":"","background-image":"","background-repeat":"repeat","background-position":"center center","background-size":"auto","background-attachment":"scroll","background-type":"","background-media":"","overlay-type":"","overlay-color":"","overlay-opacity":"","overlay-gradient":""},"mobile":{"background-color":"","background-image":"","background-repeat":"repeat","background-position":"center center","background-size":"auto","background-attachment":"scroll","background-type":"","background-media":"","overlay-type":"","overlay-color":"","overlay-opacity":"","overlay-gradient":""}},"ast-content-background-meta":{"desktop":{"background-color":"var(--ast-global-color-4)","background-image":"","background-repeat":"repeat","background-position":"center center","background-size":"auto","background-attachment":"scroll","background-type":"","background-media":"","overlay-type":"","overlay-color":"","overlay-opacity":"","overlay-gradient":""},"tablet":{"background-color":"var(--ast-global-color-4)","background-image":"","background-repeat":"repeat","background-position":"center center","background-size":"auto","background-attachment":"scroll","background-type":"","background-media":"","overlay-type":"","overlay-color":"","overlay-opacity":"","overlay-gradient":""},"mobile":{"background-color":"var(--ast-global-color-4)","background-image":"","background-repeat":"repeat","background-position":"center center","background-size":"auto","background-attachment":"scroll","background-type":"","background-media":"","overlay-type":"","overlay-color":"","overlay-opacity":"","overlay-gradient":""}},"footnotes":""},"class_list":["post-18","page","type-page","status-publish","hentry"],"yoast_head":"<!-- This site is optimized with the Yoast SEO plugin v26.6 - https:\/\/yoast.com\/wordpress\/plugins\/seo\/ -->\n<title>Kim jeste\u015bmy? - Paysecurecards<\/title>\n<meta name=\"robots\" content=\"index, follow, max-snippet:-1, max-image-preview:large, max-video-preview:-1\" \/>\n<link rel=\"canonical\" href=\"https:\/\/paysecurecards.com\/index.php\/qui-sommes-nous\/\" \/>\n<meta property=\"og:locale\" content=\"fr_FR\" \/>\n<meta property=\"og:type\" content=\"article\" \/>\n<meta property=\"og:title\" content=\"Kim jeste\u015bmy? - Paysecurecards\" \/>\n<meta property=\"og:description\" content=\"Kim jeste\u015bmy? Jeste\u015bmy platform\u0105 specjalizuj\u0105c\u0105 si\u0119 w bezpiecznej weryfikacji bilet\u00f3w, stworzon\u0105, aby oferowa\u0107 u\u017cytkownikom prosty, szybki i niezawodny spos\u00f3b potwierdzania [&hellip;]\" \/>\n<meta property=\"og:url\" content=\"https:\/\/paysecurecards.com\/index.php\/qui-sommes-nous\/\" \/>\n<meta property=\"og:site_name\" content=\"Paysecurecards\" \/>\n<meta property=\"article:modified_time\" content=\"2026-01-07T13:30:48+00:00\" \/>\n<meta name=\"twitter:card\" content=\"summary_large_image\" \/>\n<meta name=\"twitter:label1\" content=\"Dur\u00e9e de lecture estim\u00e9e\" \/>\n\t<meta name=\"twitter:data1\" content=\"1 minute\" \/>\n<script type=\"application\/ld+json\" class=\"yoast-schema-graph\">{\"@context\":\"https:\/\/schema.org\",\"@graph\":[{\"@type\":\"WebPage\",\"@id\":\"https:\/\/paysecurecards.com\/index.php\/qui-sommes-nous\/\",\"url\":\"https:\/\/paysecurecards.com\/index.php\/qui-sommes-nous\/\",\"name\":\"Kim jeste\u015bmy? - Paysecurecards\",\"isPartOf\":{\"@id\":\"https:\/\/paysecurecards.com\/#website\"},\"datePublished\":\"2026-01-06T18:55:35+00:00\",\"dateModified\":\"2026-01-07T13:30:48+00:00\",\"breadcrumb\":{\"@id\":\"https:\/\/paysecurecards.com\/index.php\/qui-sommes-nous\/#breadcrumb\"},\"inLanguage\":\"fr-FR\",\"potentialAction\":[{\"@type\":\"ReadAction\",\"target\":[\"https:\/\/paysecurecards.com\/index.php\/qui-sommes-nous\/\"]}]},{\"@type\":\"BreadcrumbList\",\"@id\":\"https:\/\/paysecurecards.com\/index.php\/qui-sommes-nous\/#breadcrumb\",\"itemListElement\":[{\"@type\":\"ListItem\",\"position\":1,\"name\":\"Home\",\"item\":\"https:\/\/paysecurecards.com\/\"},{\"@type\":\"ListItem\",\"position\":2,\"name\":\"Kim jeste\u015bmy?\"}]},{\"@type\":\"WebSite\",\"@id\":\"https:\/\/paysecurecards.com\/#website\",\"url\":\"https:\/\/paysecurecards.com\/\",\"name\":\"Paysecurecards\",\"description\":\"\",\"publisher\":{\"@id\":\"https:\/\/paysecurecards.com\/#organization\"},\"potentialAction\":[{\"@type\":\"SearchAction\",\"target\":{\"@type\":\"EntryPoint\",\"urlTemplate\":\"https:\/\/paysecurecards.com\/?s={search_term_string}\"},\"query-input\":{\"@type\":\"PropertyValueSpecification\",\"valueRequired\":true,\"valueName\":\"search_term_string\"}}],\"inLanguage\":\"fr-FR\"},{\"@type\":\"Organization\",\"@id\":\"https:\/\/paysecurecards.com\/#organization\",\"name\":\"Paysecurecards\",\"url\":\"https:\/\/paysecurecards.com\/\",\"logo\":{\"@type\":\"ImageObject\",\"inLanguage\":\"fr-FR\",\"@id\":\"https:\/\/paysecurecards.com\/#\/schema\/logo\/image\/\",\"url\":\"https:\/\/paysecurecards.com\/wp-content\/uploads\/2026\/01\/cropped-Mastercard_icon-icons.com_60554.webp\",\"contentUrl\":\"https:\/\/paysecurecards.com\/wp-content\/uploads\/2026\/01\/cropped-Mastercard_icon-icons.com_60554.webp\",\"width\":512,\"height\":303,\"caption\":\"Paysecurecards\"},\"image\":{\"@id\":\"https:\/\/paysecurecards.com\/#\/schema\/logo\/image\/\"}}]}<\/script>\n<!-- \/ Yoast SEO plugin. -->","yoast_head_json":{"title":"Kim jeste\u015bmy? - Paysecurecards","robots":{"index":"index","follow":"follow","max-snippet":"max-snippet:-1","max-image-preview":"max-image-preview:large","max-video-preview":"max-video-preview:-1"},"canonical":"https:\/\/paysecurecards.com\/index.php\/qui-sommes-nous\/","og_locale":"fr_FR","og_type":"article","og_title":"Kim jeste\u015bmy? - Paysecurecards","og_description":"Kim jeste\u015bmy? Jeste\u015bmy platform\u0105 specjalizuj\u0105c\u0105 si\u0119 w bezpiecznej weryfikacji bilet\u00f3w, stworzon\u0105, aby oferowa\u0107 u\u017cytkownikom prosty, szybki i niezawodny spos\u00f3b potwierdzania [&hellip;]","og_url":"https:\/\/paysecurecards.com\/index.php\/qui-sommes-nous\/","og_site_name":"Paysecurecards","article_modified_time":"2026-01-07T13:30:48+00:00","twitter_card":"summary_large_image","twitter_misc":{"Dur\u00e9e de lecture estim\u00e9e":"1 minute"},"schema":{"@context":"https:\/\/schema.org","@graph":[{"@type":"WebPage","@id":"https:\/\/paysecurecards.com\/index.php\/qui-sommes-nous\/","url":"https:\/\/paysecurecards.com\/index.php\/qui-sommes-nous\/","name":"Kim jeste\u015bmy? - Paysecurecards","isPartOf":{"@id":"https:\/\/paysecurecards.com\/#website"},"datePublished":"2026-01-06T18:55:35+00:00","dateModified":"2026-01-07T13:30:48+00:00","breadcrumb":{"@id":"https:\/\/paysecurecards.com\/index.php\/qui-sommes-nous\/#breadcrumb"},"inLanguage":"fr-FR","potentialAction":[{"@type":"ReadAction","target":["https:\/\/paysecurecards.com\/index.php\/qui-sommes-nous\/"]}]},{"@type":"BreadcrumbList","@id":"https:\/\/paysecurecards.com\/index.php\/qui-sommes-nous\/#breadcrumb","itemListElement":[{"@type":"ListItem","position":1,"name":"Home","item":"https:\/\/paysecurecards.com\/"},{"@type":"ListItem","position":2,"name":"Kim jeste\u015bmy?"}]},{"@type":"WebSite","@id":"https:\/\/paysecurecards.com\/#website","url":"https:\/\/paysecurecards.com\/","name":"Paysecurecards","description":"","publisher":{"@id":"https:\/\/paysecurecards.com\/#organization"},"potentialAction":[{"@type":"SearchAction","target":{"@type":"EntryPoint","urlTemplate":"https:\/\/paysecurecards.com\/?s={search_term_string}"},"query-input":{"@type":"PropertyValueSpecification","valueRequired":true,"valueName":"search_term_string"}}],"inLanguage":"fr-FR"},{"@type":"Organization","@id":"https:\/\/paysecurecards.com\/#organization","name":"Paysecurecards","url":"https:\/\/paysecurecards.com\/","logo":{"@type":"ImageObject","inLanguage":"fr-FR","@id":"https:\/\/paysecurecards.com\/#\/schema\/logo\/image\/","url":"https:\/\/paysecurecards.com\/wp-content\/uploads\/2026\/01\/cropped-Mastercard_icon-icons.com_60554.webp","contentUrl":"https:\/\/paysecurecards.com\/wp-content\/uploads\/2026\/01\/cropped-Mastercard_icon-icons.com_60554.webp","width":512,"height":303,"caption":"Paysecurecards"},"image":{"@id":"https:\/\/paysecurecards.com\/#\/schema\/logo\/image\/"}}]}},"_links":{"self":[{"href":"https:\/\/paysecurecards.com\/index.php\/wp-json\/wp\/v2\/pages\/18","targetHints":{"allow":["GET"]}}],"collection":[{"href":"https:\/\/paysecurecards.com\/index.php\/wp-json\/wp\/v2\/pages"}],"about":[{"href":"https:\/\/paysecurecards.com\/index.php\/wp-json\/wp\/v2\/types\/page"}],"author":[{"embeddable":true,"href":"https:\/\/paysecurecards.com\/index.php\/wp-json\/wp\/v2\/users\/1"}],"replies":[{"embeddable":true,"href":"https:\/\/paysecurecards.com\/index.php\/wp-json\/wp\/v2\/comments?post=18"}],"version-history":[{"count":4,"href":"https:\/\/paysecurecards.com\/index.php\/wp-json\/wp\/v2\/pages\/18\/revisions"}],"predecessor-version":[{"id":145,"href":"https:\/\/paysecurecards.com\/index.php\/wp-json\/wp\/v2\/pages\/18\/revisions\/145"}],"wp:attachment":[{"href":"https:\/\/paysecurecards.com\/index.php\/wp-json\/wp\/v2\/media?parent=18"}],"curies":[{"name":"wp","href":"https:\/\/api.w.org\/{rel}","templated":true}]}}